 - 2 = 0. Let c(w) be the first derivative of w**4/4 - 5*w**3/3 - 3*w**2/2 - 7*w - 1. Is c(b) prime?
True
Let k(t) be the second derivative of -2*t**5/5 + t**4/6 + t**3/2 - t**2 + 5*t. Is k(-3) composite?
False
Let f(b) = -103*b**3 - 4 + 19*b**3 - 2*b - 2 + 5. Is f(-1) a prime number?
False
Suppose -56 = 4*r + 52. Let u be (2 - 7/3)*r. Let d = -2 + u. Is d composite?
False
Suppose -2*k + 1 = 7. Let s(l) = 7*l**2 + l - 1. Is s(k) a composite number?
False
Suppose -2*g = -5*r - 38, -g + 1 = 4*r - 2*r. Let u be (74/(-3))/((-6)/g). Suppose p - u = -0*p. Is p a prime number?
True
Let n(d) = -d - 2. Let u be n(-2). Suppose -h - g + 4*g = -43, u = 2*h + 3*g - 50. Is h a composite number?
False
Let u = -854 + 1208. Suppose h - u = 5*r, h = -r - 2*r + 362. Is h a composite number?
False
Suppose -4*j + 977 = 5*m, -j - 3*m = -76 - 177. Suppose 5*n + 3*u = -0*u + 1282, -n + j = -4*u. Is n prime?
False
Suppose 18 = 2*v - 296. Is v prime?
True
Let q = 453 + 66. Is q a composite number?
True
Let j = 10 - -49. Is j a prime number?
True
Is (-10)/(-4)*(36 - -2) a prime number?
False
Is (-2 + (1 - 2))/(-1) prime?
True
Let m = -72 + 265. Let x = m + -138. Is x a prime number?
False
Suppose -4*k + 17 = w, 2*k - 5*k + 4*w + 8 = 0. Suppose -k*p + 580 = -0*p. Is p composite?
True
Suppose 0 = 6*a - 7*a + 331. Is a composite?
False
Is (-5)/((-5)/(-53))*-1 prime?
True
Let k = 69 + -97. Let g = 54 + k. Is g composite?
True
Is (-6)/4*(-3)/(3/34) prime?
False
Let r be 0*(1 - 2) + -15. Let g = 40 + r. Is g a prime number?
False
Suppose 4*f + 79 = 295. Suppose f + 73 = n. Is n a prime number?
True
Let f(c) = 90*c**2 + 4*c - 3. Is f(2) prime?
False
Let v be 4/(-14) + (-148)/(-28). Let o = 13 - v. Suppose 0 = 2*w - o - 20. Is w prime?
False
Let s(k) = k**3 + k**2 - k + 1. Let x be s(1). Suppose -2*y + 216 = -2*p, 2*y + x*p - 225 = p. Is y prime?
False
Is (2/(-4))/(1/(-2334)) prime?
False
Let u(x) = 11*x**2 - 13*x + 11. Let d be u(10). Is 2/(-5) - d/(-15) a prime number?
False
Let w = -1380 + 2495. Is w a composite number?
True
Let x(f) = -f - 30*f - 2 - 1. Let s = -2 + 0. Is x(s) a composite number?
False
Let w = 76 + -11. Let j = w + 68. Is j prime?
False
Let h be (-2)/(-8) - (-6)/(-24). Suppose m + m - 6 = h. Is 11 + (4 - (m + -1)) composite?
False
Let t(p) = -p**2 - 7*p - 4. Let j be t(-6). Suppose -j*v + 8 + 42 = 0. Is v prime?
False
Suppose 10 = 4*s - 3*s + 4*j, j - 3 = 0. Is (128 - s)*3/6 a prime number?
False
Suppose 237 = -3*s + 1860. Is s a composite number?
False
Let l(v) = 3*v**2 + 6*v + 2. Is l(9) a composite number?
True
Suppose -3*v = -2*r + v + 10, 2*r = -v + 5. Suppose 8*o - r*o + 3*c - 476 = 0, -5*o - c = -482. Is o prime?
True
Let f be -2 - 4*2/(-4). Suppose 0*h + 5*h = -50. Let u = f - h. Is u prime?
False
Suppose 361 = w + 102. Is w a prime number?
False
Suppose 0 = 6*t - 2935 - 491. Is t a composite number?
False
Suppose 3515 = 3*m - 2188. Is m prime?
True
Suppose 3*v - 525 = -0*v. Suppose f - 6*f = -v. Is f a prime number?
False
Let v(d) = d**2 + 9*d + 9. Let q = 3 + 0. Suppose -m + 44 = -4*b, b - 2*m = q*b + 12. Is v(b) a prime number?
True
Suppose 0 = h - 6*h + 3895. Is h composite?
True
Let f(u) = u + 16*u + 1 + 0 + u. Is f(3) composite?
True
Suppose -725 - 503 = -4*z. Is z prime?
True
Let m be (-5)/20 - (-1)/4. Suppose -2*j - 292 = -3*t + 107, 4*j + 12 = m. Is t a prime number?
True
Is (-1527)/(-4) + 6/(-8) prime?
False
Let d be (-11)/(-44) - 226/8. Is 5482/22 + d/154 prime?
False
Suppose 3*i = 2*i - 1. Is (-2)/i - 7*-8 composite?
True
Suppose 0*q + 90 = 2*q. Is -1*(0 + 2 - q) prime?
True
Let s = 64 + -152. Let w = s + 175. Is w composite?
True
Suppose 4*c + 111 = 443. Is c prime?
True
Let m = -1 - -1. Let g be (-1)/(-1) + (m - -2). Suppose a - 2 = -g*t + 70, -5*a + 15 = 0. Is t a composite number?
False
Let p(w) = -33*w + 7. Is p(-14) a composite number?
True
Suppose -2*p + 5*n = -29, n + 2 = -p - 2*n. Is (-166)/(7/(p/(-2))) composite?
False
Let n(l) = -397*l. Is n(-1) a prime number?
True
Suppose -5*b = -580 + 3010. Let r = 817 + b. Is r composite?
False
Let y(a) = 52*a**2 - 7*a + 5. Let z(d) = d**2 - d + 1. Let u(g) = y(g) - 6*z(g). Is u(-2) a composite number?
True
Suppose -5*u = -8*u + 114. Suppose -u = -3*z + z. Is z prime?
True
Let v(j) = -j - 4 - 6*j + 5*j - 3*j. Suppose 0 = g - 3 + 8. Is v(g) prime?
False
Suppose 2*p + 114 + 134 = 0. Is p/(-16)*12*1 prime?
False
Is 14/(-5)*(1 - (-31059)/(-14)) prime?
False
Let y = 5 + 8. Suppose w = 4*x - 2 - 7, w - 5*x + y = 0. Suppose -4*o + w = -21. Is o prime?
True
Suppose 0 = -2*u - 5*k + 181, 221 = 5*u + 4*k - 240. Let r = -56 + u. Is r prime?
True
Suppose -6*t + 4*t + 3*v + 17 = 0, 5*t + v = 17. Suppose -z + 5*b + 8 = 0, 0*b = t*z - b - 13. Suppose i - z = 7. Is i composite?
True
Let u = -273 - -770. Is u composite?
True
Suppose -p = -x - 58, -5*p + 2*p = -2*x - 171. Is (-11)/p - 746/(-5) a prime number?
True
Let y = -944 - -1341. Is y a composite number?
False
Let l = 272 - 183. Is l a prime number?
True
Let n(a) = a - 4. Let v be n(5). Let i = v - 0. Is (17*i)/(2/10) a prime number?
False
Let u(k) = -7*k - 2. Let f be u(-2). Let x be (-32)/f*-3*1. Let g = x - -3. Is g composite?
False
Suppose -2*k - g + 3 = -5, 2*k - g - 4 = 0. Let w(o) = 5*o**2 + 2*o. Is w(k) prime?
False
Let n be ((-2)/6)/(-1)*0. Suppose n = -2*o + 5*x - x - 12, -5*o = 3*x - 35. Let k = -1 + o. Is k prime?
True
Suppose 2*g = 5*g - 3. Suppose 2*f = h, 30 = 6*f - f + 5*h. Is f*g - 8/(-1) a composite number?
True
Let n(u) be the third derivative of -31*u**4/24 - 2*u**2. Let d be (-4)/(-10) - 14/10. Is n(d) a prime number?
True
Suppose 8 = h + 4*y, -5*h + 2*y - 58 = -10. Let r be (h/10)/(8/40). Is (1 - 75)*2/r prime?
True
Is (-187649)/(-66) - (-2)/(-12) a composite number?
False
Suppose -4*l + 27 = 5*n - 7, -3*n - 4*l = -22. Let i be (-92)/(-6) + 4/n. Suppose -i = -2*d + 10. Is d composite?
False
Suppose j + 3*s = s - 5, -5*j - s + 11 = 0. Suppose -3*d + 5*p = -100, d = -0*d + j*p + 40. Is d prime?
False
Let p = 198 + -284. Let n = p - -123. Is n a composite number?
False
Suppose j - 5 = -2*b, 4*b - 3 = 6*j - j. Is j*-2*15/(-2) a prime number?
False
Let k be 8*((-5)/2 - -3). Suppose b - 132 = -b + 4*x, k*b + x = 228. Is b composite?
True
Let i = 273 + -107. Suppose -i = -0*w - 2*w. Is w a composite number?
False
Let v(n) = -n**2 - 4*n - 1. Let q be v(-3). Let u be 4/(-2)*(-5)/q. Suppose 3*y + 0*m - 219 = 3*m, u*m + 211 = 3*y. Is y a composite number?
True
Let t(v) = -5*v - 3. Let l = -21 - -9. Is t(l) prime?
False
Let j = 3 - 3. Suppose -3*q - q = j. Suppose -3*c + c + 182 = q. Is c prime?
False
Let z(h) = -2*h + 2. Let w be z(-5). Let g(p) = p**2 - 9*p + 6. Let k be g(7). Is 159/w - (-2)/k a prime number?
True
Suppose 0 = -2*i - 2 + 10, -3*o = -i - 8687. Is o composite?
False
Let g = -10 + 15. Suppose g*o - 40 - 25 = 0. Is o prime?
True
Let q(y) be the second derivative of -y**5/20 - y**4/4 - 2*y**3/3 + 5*y**2/2 + y. Let s(n) = -n**2 + 2*n - 1. Let v be s(3). Is q(v) a prime number?
True
Suppose 0 = -3*j + 4*j + 131. Suppose -f = 3*f - 4, 3*v - 5*f = 1. Is 2*v*j/(-4) composite?
False
Let v(k) = -3 + 7*k + 2 - 8*k - 67*k. Is v(-3) a prime number?
False
Let w(o) = 5*o**2 + 4. Let k(m) = 6*m**2 - m + 3. Let p(u) = 6*k(u) - 7*w(u). Let a be p(8). Suppose -3*g = -4*g + 5*x - 8, 3*x - a = 0. Is g a prime number?
True
Let u = -760 - -1200. Let r = -123 + u. Is r composite?
False
Let v be 3/6 - (-850)/4. Suppose -3*x + 4*x - 4*r - 57 = 0, -4*x + r = -v. Is x prime?
True
Let w = 4971 + -2402. Is w prime?
False
Let a = 411 + 68. Let n(m) = -m**2 - 3*m. Let w be n(-3). Suppose 3*r = 5*y - 476, 3*y + 2*y - 2*r - a = w. Is y a composite number?
False
Is (-4)/8*1*-2798 a composite number?
False
Suppose 0 = o - 4*i - 333, -5*o + 1696 = -3*i + 82. Is o composite?
True
Suppose -3*g - 5*s = 2 - 1, -g - 4*s = -2. Let r = g - -9. Suppose -2*o - 2*m + 174 = 0, -5*o = r*m - 3*m - 439. Is o prime?
False
Suppose 5*h - 5*a + 22 = h, 2*h - 3*a = -12. Is 68/2 - (-9)/h prime?
True
Suppose 0 = -u - 0*u. Let n be u + 3 + -11 + -1. Is 2374/6 - (-6)/n a prime number?
False
Let g(p) = -p**2 - p + 223. Is g(0) a composite number?
False
Let r(f) = -2*f**2 - 3*f + 4. Let u be r(-3). Let t = 11 + u. Is 74*(9/t - 1) composite?
False
Let h(n) = -n**3 + 13*n**2 - 8*n -